30). Suppose -3*b = -p + y. List the prime factors of b.
73
Let y(n) = n**3 + 15*n**2 - 15*n - 24. Let q be y(-16). Let x = q - -31. Let w = 66 + x. List the prime factors of w.
3, 19
Let d = -39 + 44. Suppose a + d = -0, 5*a - 247 = -4*c. Let g = c + 104. What are the prime factors of g?
2, 43
Suppose -d = 5*h + 1495, h + d - 305 = 2*h. Let j = 175 - h. What are the prime factors of j?
5, 19
Suppose 5*x - 4*q - 40592 = 0, -77*q + 82*q = 35. List the prime factors of x.
2, 3, 677
Suppose 2*q - 63403 = -2*z + 7201, z = -2*q + 70610. What are the prime factors of q?
2, 7, 13, 97
Let k = 80 + -73. Suppose -4*w + 66 = k*w. What are the prime factors of (8 - 6) + 3*w/2?
11
Suppose 2 = -3*s + s - 4*v, 4*s - 2*v + 14 = 0. Let m(q) = -46*q - 7. List the prime factors of m(s).
131
Let k(r) = -1 - r - r + 3*r**2 + 3*r. Let p be (120/(-50))/3*15/6. What are the prime factors of k(p)?
3
Suppose -o + 2*o - 21 = -4*k, o = -3*k + 16. Suppose -k*b = -8*b. Suppose b = -5*l + 3*s + 55, 2*l + 2*s + 33 = 5*l. List the prime factors of l.
11
Let x(k) = k**3 + 39*k**2 - 40*k. Let o be x(-40). Suppose o = 13*w - 6226 + 298. What are the prime factors of w?
2, 3, 19
Suppose -246688 - 40294 = -94*a. What are the prime factors of a?
43, 71
Let g(v) = -v**3 + 22*v**2 + 46*v - 328. What are the prime factors of g(22)?
2, 3, 19
Let s be ((-1)/5)/((-24)/360). Suppose 0 = -s*w - 2*x - 3*x - 217, 2*x + 294 = -4*w. List the prime factors of (w/(-6))/(1/6).
2, 37
Suppose 1975 = -25*r - 6825. Let b = r + 476. What are the prime factors of b?
2, 31
Let j(k) = k**2 - 27*k + 29. Let b be j(-22). Let v = b - 500. List the prime factors of v.
607
Suppose -j - 2*q = -14, -67 - 10 = -4*j - q. Suppose -j*w = -21*w - 152. Let p = w + 227. List the prime factors of p.
3, 5
Suppose 3*n - 1457 - 10 = -5*h, 3*h = 0. List the prime factors of n.
3, 163
Suppose 29*w = 38*w + 1080. Suppose 0 = z + 22 - 4. Let f = z - w. What are the prime factors of f?
2, 3, 17
Let q(t) = 8*t - 9. Let j(s) = 9*s - 10. Let v(k) = -5*j(k) + 6*q(k). Let u be v(-1). List the prime factors of (-12)/(-2)*u/(-2).
3, 7
Let b(d) = 24*d**2 + 103*d + 208. What are the prime factors of b(-58)?
2, 3, 5, 7, 17
Let x = -26 + 20. Let g = -2 - x. Let p = 86 + g. What are the prime factors of p?
2, 3, 5
Let g(l) = -l**2 + 212*l - 30. List the prime factors of g(96).
2, 3, 617
Suppose -377592 + 5835318 = 86*t + 1037498. What are the prime factors of t?
2, 31, 829
Let m = 1202 + -296. Let y be (-20)/110 - m/(-22). Suppose -39*b + y*b = 128. What are the prime factors of b?
2
Let f = -39654 - -93061. List the prime factors of f.
53407
Suppose 4*p + 4 = 24, -9969 = -v - 3*p. List the prime factors of v.
2, 3, 7, 79
Suppose -p = 3, -3*q + p + 658 = -359. Let m = q - 71. What are the prime factors of m?
3, 89
Suppose 2*n - 5*k - 67895 = 0, 32*k = 2*n + 36*k - 67832. What are the prime factors of n?
2, 3, 5, 13, 29
Suppose n = 4*k - 2332, 2332 = 12*k - 8*k - 3*n. Suppose -13*h - k + 2819 = 0. What are the prime factors of h?
2, 43
Let v = -6360 - -29794. What are the prime factors of v?
2, 11717
Suppose -4 = -4*n, 6*g - 3*n = 7*g - 1657. Let a = -502 + g. List the prime factors of a.
2, 3
Let t = 73 + -71. Suppose 64 = t*o - 10. Suppose 0 = -4*z + 7 + o. What are the prime factors of z?
11
Let t be (-1 - -8) + (-2 - 20/(-5)). Let l be -3*t*(2 + -1). Let a = 32 + l. List the prime factors of a.
5
Suppose 2*r - 5*y + 1011 = -937, y + 4816 = -5*r. Let n = r + 1932. List the prime factors of n.
2, 11
What are the prime factors of ((-6)/(-3))/((2/(-6))/((-92554)/66))?
2, 7, 601
Let n = 77389 + -38541. What are the prime factors of n?
2, 607
Let v(x) = 113*x**2 - 56*x + 350. What are the prime factors of v(23)?
3, 11, 1783
Let c(r) = 14*r**2 - 8*r - 4. List the prime factors of c(-18).
2, 7, 167
Suppose 18*f - 6*f = 36. Suppose 0 = 3*q - 3*z - 1428, -3*q = f*z - 400 - 998. List the prime factors of q.
3, 157
Suppose -3*t - 45129 = -2*w, -t + 34332 + 78448 = 5*w. What are the prime factors of w?
3, 73, 103
Suppose 15*k - 13*k + 5*t - 57191 = 0, 0 = k - 3*t - 28623. What are the prime factors of k?
2, 3, 149
Let i = 4122 + 519. List the prime factors of i.
3, 7, 13, 17
Let a be 5*(2 + -5)/3. Let j be (5 - -5)*2/a*-63. Suppose 2*r = 5*b + 83 + j, -4*r + b + 643 = 0. List the prime factors of r.
2, 5
Let s(m) = -9067*m + 3364. What are the prime factors of s(-5)?
3, 7, 773
Suppose 2502890 = 24*t + 106*t. What are the prime factors of t?
13, 1481
Let c(r) = r**2 - 18*r - 21. Let v be 19*(2 - 1) + (2 - 2). Let j be c(v). What are the prime factors of (-1 + j)/((-1)/16)?
2, 3
Let s = 233 - 176. List the prime factors of 34/(-323) + (4566/s - 2).
2, 3, 13
Let c = -5 + 103. Suppose -d + c = -36. Let k = -63 + d. What are the prime factors of k?
71
Let g = 31460 - 14355. List the prime factors of g.
5, 11, 311
Let h(u) = 2*u**3 + 17*u**2 + 2*u - 6. Let f be h(-12). Let y be 1 - (-1 + f/6). Let s = y + -37. List the prime factors of s.
2, 3, 23
Suppose -5*u = -2*v + 116, -4*u - 3*v - 10 - 69 = 0. Let d be 37420/110 + 4/u. Let h = 501 - d. What are the prime factors of h?
7, 23
Suppose 3*k + 1465 = 2*w, w - 3*w + 2443 = -5*k. Let c = k + 1492. List the prime factors of c.
17, 59
Suppose -3*y = -5*w - 38, 2*y = 2*w + 3 + 17. Suppose s - 3*v = 2*s - 1195, 3*v = y. Suppose -s = -7*c + 1. List the prime factors of c.
2, 5, 17
Suppose 4*j + 5*w = 31, -2*w = -4*j - 6 + 16. What are the prime factors of 924/j - 0/(5/5)?
3, 7, 11
Let o = -248 - -1238. Let g = 6 - 3. Suppose g*z + u - 596 = 0, z + o = 6*z + 5*u. What are the prime factors of z?
199
Let c = 161 + -157. Suppose 0 = -c*o - 1630 + 3106. What are the prime factors of o?
3, 41
Suppose -6*l - 11219 = 1963. Let z = -1199 - l. What are the prime factors of z?
2, 499
Suppose 74*r - 67*r = -5*s + 70989, -3*s = 3*r - 30423. List the prime factors of r.
2, 11, 461
Let y = 1543 + -1069. Let v(r) = y + 6*r - 532 + 8*r. List the prime factors of v(6).
2, 13
Suppose -190*h + 12 = -187*h. Suppose a + h*i = 173, 6*a - i = 3*a + 532. What are the prime factors of a?
3, 59
Let t(d) = d**3 - 2*d**2 + 14*d - 20. Let w = 716 + -709. What are the prime factors of t(w)?
17, 19
Suppose d + 3*k - k - 3 = 0, -k = 3. Let j be (1/(-3))/(d/(-1107)). Suppose p + j = 309. List the prime factors of p.
2, 67
Let k be (10/(-120)*-30)/((-2)/(-44)). Suppose k*y = 56*y - 463. What are the prime factors of y?
463
Let g = 71053 + -18833. List the prime factors of g.
2, 5, 7, 373
Let b(k) = -573*k**3 + k**2 - 4*k - 4. Let s be -2*1/(-8) + 320/(-256). List the prime factors of b(s).
2, 7, 41
Let v be (0 - -2) + -1*(2 - 0). Suppose -5*y = 4*t - 14, v = y - 2*y - 2. Suppose -2*d - t - 6 = -5*i, 3*i - 2*d = 4. List the prime factors of i.
2
Let k = 3902 - 3287. What are the prime factors of k?
3, 5, 41
Suppose 8*j - 18781 = 56771. What are the prime factors of j?
2, 3, 787
Suppose i = 4*f - 143652, -61284 = -4*f - 4*i + 82408. What are the prime factors of f?
5, 11, 653
Suppose 0 = 8*d - 5*d - a - 16, -d = a - 12. Suppose -6*u + 52 = d*u. What are the prime factors of u?
2
List the prime factors of -2*(-12)/10*(8490/18 + 5).
2, 11, 13
Suppose -2*z - 3*z = 660. Let b = -79 - z. Suppose b + 47 = 4*m. List the prime factors of m.
5
Suppose 3*l - 385 = -4*l. Let f = l + -47. Suppose 0 = f*q - 289 + 41. What are the prime factors of q?
31
Let v = 5308 - -650. List the prime factors of v.
2, 3, 331
Let r be (-7 + 1 + -4 + 1)*-7. Let m = r + -2. Let j = -58 + m. List the prime factors of j.
3
Let f = -9387 + 15379. What are the prime factors of f?
2, 7, 107
Let s(i) = i**3 - 4*i**2 - 22*i - 52. Let f(h) = 5*h**3 - 21*h**2 - 115*h - 261. Let n(a) = 2*f(a) - 11*s(a). List the prime factors of n(-6).
2, 7, 19
Suppose 3*u - 17*r = -21*r + 258, 0 = -4*u - 4*r + 348. List the prime factors of (-12)/u + (-50708)/(-60).
5, 13
Let p be ((-1)/1)/(1/(-6)). Suppose -46*b = -140*b - 3485 + 17115. Suppose b = p*n - 5*n. What are the prime factors of n?
5, 29
Let r = -7322 + 21884. List the prime factors of r.
2, 3, 809
Let k(t) = 4*t**3 - 2*t**2 + 14*t + 16. Let q = -251 - -258. What are the prime factors of k(q)?
2, 347
Let k = 113 + -101. Let h be (-1 + k)*(22 - 21). List the prime factors of (55/(-20))/h - (-1186)/8.
2, 37
Suppose 524 - 62771 - 29211 = 